{"id":29,"date":"2024-08-24T18:36:25","date_gmt":"2024-08-24T16:36:25","guid":{"rendered":"https:\/\/ivanhoeservice.hu\/?page_id=29"},"modified":"2025-02-24T21:52:04","modified_gmt":"2025-02-24T20:52:04","slug":"ivanhoe-auto-service","status":"publish","type":"page","link":"https:\/\/ivanhoeservice.hu\/?page_id=29","title":{"rendered":"Ivanhoe Aut\u00f3 Service (aut\u00f3szerel\u0151 Nagyk\u00e1ll\u00f3)"},"content":{"rendered":"\n<figure class=\"wp-block-image aligncenter size-large is-resized\"><img loading=\"lazy\" decoding=\"async\" width=\"1024\" height=\"569\" src=\"https:\/\/ivanhoeservice.hu\/wp-content\/uploads\/2024\/08\/IMG_0495-5-1024x569.jpg\" alt=\"\" class=\"wp-image-30\" style=\"width:1450px;height:auto\" srcset=\"https:\/\/ivanhoeservice.hu\/wp-content\/uploads\/2024\/08\/IMG_0495-5-1024x569.jpg 1024w, https:\/\/ivanhoeservice.hu\/wp-content\/uploads\/2024\/08\/IMG_0495-5-300x167.jpg 300w, https:\/\/ivanhoeservice.hu\/wp-content\/uploads\/2024\/08\/IMG_0495-5-768x427.jpg 768w, https:\/\/ivanhoeservice.hu\/wp-content\/uploads\/2024\/08\/IMG_0495-5.jpg 1065w\" sizes=\"(max-width: 1024px) 100vw, 1024px\" \/><\/figure>\n\n\n\n<div class=\"wp-block-group alignfull has-accent-3-background-color has-background is-vertical is-content-justification-center is-layout-flex wp-container-core-group-is-layout-2 wp-block-group-is-layout-flex\" style=\"min-height:100vh;margin-top:0;margin-bottom:0;padding-top:var(--wp--preset--spacing--60);padding-right:var(--wp--preset--spacing--50);padding-bottom:var(--wp--preset--spacing--60);padding-left:var(--wp--preset--spacing--50)\">\n<div class=\"wp-block-group has-global-padding is-layout-constrained wp-block-group-is-layout-constrained\">\n<div style=\"height:var(--wp--preset--spacing--10)\" aria-hidden=\"true\" class=\"wp-block-spacer\"><\/div>\n\n\n\n<h2 class=\"wp-block-heading has-text-align-center has-contrast-color has-text-color has-link-color has-x-large-font-size wp-elements-44be1f79be35e4075ea0bbebab675ea4\" style=\"margin-right:0;margin-left:0;padding-right:0;padding-left:0\">Ivanhoe Aut\u00f3 Service \u00a9 2025<\/h2>\n\n\n\n<p>\u00daj email c\u00edm: info@ivanhoeservice.hu<\/p>\n\n\n\n<div style=\"height:var(--wp--preset--spacing--10)\" aria-hidden=\"true\" class=\"wp-block-spacer\"><\/div>\n<\/div>\n<\/div>\n\n\n\n<p><\/p>\n","protected":false},"excerpt":{"rendered":"<p>Ivanhoe Aut\u00f3 Service \u00a9 2025 \u00daj email c\u00edm: info@ivanhoeservice.hu<\/p>\n","protected":false},"author":1,"featured_media":0,"parent":0,"menu_order":0,"comment_status":"closed","ping_status":"closed","template":"","meta":{"footnotes":""},"class_list":["post-29","page","type-page","status-publish","hentry"],"_links":{"self":[{"href":"https:\/\/ivanhoeservice.hu\/index.php?rest_route=\/wp\/v2\/pages\/29"}],"collection":[{"href":"https:\/\/ivanhoeservice.hu\/index.php?rest_route=\/wp\/v2\/pages"}],"about":[{"href":"https:\/\/ivanhoeservice.hu\/index.php?rest_route=\/wp\/v2\/types\/page"}],"author":[{"embeddable":true,"href":"https:\/\/ivanhoeservice.hu\/index.php?rest_route=\/wp\/v2\/users\/1"}],"replies":[{"embeddable":true,"href":"https:\/\/ivanhoeservice.hu\/index.php?rest_route=%2Fwp%2Fv2%2Fcomments&post=29"}],"version-history":[{"count":6,"href":"https:\/\/ivanhoeservice.hu\/index.php?rest_route=\/wp\/v2\/pages\/29\/revisions"}],"predecessor-version":[{"id":52,"href":"https:\/\/ivanhoeservice.hu\/index.php?rest_route=\/wp\/v2\/pages\/29\/revisions\/52"}],"wp:attachment":[{"href":"https:\/\/ivanhoeservice.hu\/index.php?rest_route=%2Fwp%2Fv2%2Fmedia&parent=29"}],"curies":[{"name":"wp","href":"https:\/\/api.w.org\/{rel}","templated":true}]}}